{"id":5308,"date":"2020-02-29T14:53:10","date_gmt":"2020-02-29T17:53:10","guid":{"rendered":"https:\/\/nacao.digital\/blog\/?page_id=5308"},"modified":"2023-12-27T10:21:03","modified_gmt":"2023-12-27T13:21:03","slug":"materiais-gratuitos","status":"publish","type":"page","link":"https:\/\/nacao.digital\/blog\/materiais-gratuitos\/","title":{"rendered":"Materiais gratuitos"},"content":{"rendered":"<div class=\"wpb-content-wrapper\"><p class=\"last-modified\"> <b> <i> Este conte\u00fado foi atualizado em: 27\/12\/2023 <\/i> <\/b> <\/p>[vc_row css=&#8221;.vc_custom_1582999349703{margin-top: 40px !important;}&#8221;][vc_column]<style>.vcex-heading.vcex_69f2538591cfb{color:#424242;font-size:30px;font-family:'Lato',sans-serif;font-weight:600;line-height:120%;}<\/style><h1 class=\"vcex-heading vcex-heading-plain vcex-module wpex-heading wpex-text-2xl wpex-text-center vcex_69f2538591cfb\"><span class=\"vcex-heading-inner wpex-inline-block\">Materiais gratuitos<\/span><\/h1>[vc_empty_space height=&#8221;20px&#8221;][vc_column_text responsive_text=&#8221;true&#8221; text_align=&#8221;center&#8221; font_family=&#8221;Lato&#8221; font_size=&#8221;20&#8243;]\n<p style=\"text-align: center;\">Acesse nossos materiais para download gratuito: guias, e-books, planilhas, calend\u00e1rios, checklists e muitas outras ferramentas para impulsionar o seu e-commerce. \ud83d\ude80<\/p>\n[\/vc_column_text][\/vc_column][\/vc_row][vc_row][vc_column width=&#8221;1\/2&#8243;][vc_single_image image=&#8221;8236&#8243; onclick=&#8221;custom_link&#8221; img_link_target=&#8221;_blank&#8221; link=&#8221;https:\/\/conteudo.nacao.digital\/calendario-de-e-commerce-2024\/?utm_source=blog&amp;utm_medium=banner&amp;utm_content=calendario-e-commerce-2024&amp;utm_campaign=materiais-gratuitos&#8221;][vc_empty_space][vc_single_image image=&#8221;7906&#8243; onclick=&#8221;custom_link&#8221; img_link_target=&#8221;_blank&#8221; link=&#8221;https:\/\/conteudo.nacao.digital\/captacao-odv-crm-para-e-commerce-2023\/?utm_source=blog&amp;utm_medium=banner&amp;utm_content=cta-25-fluxos-de-automacao-para-ecommerce&amp;utm_campaign=materiais-gratuitos&#8221;][vc_empty_space][vc_single_image image=&#8221;7502&#8243; onclick=&#8221;custom_link&#8221; img_link_target=&#8221;_blank&#8221; link=&#8221;https:\/\/conteudo.nacao.digital\/checklist-para-black-friday-2020\/?utm_source=blog&amp;utm_medium=banner&amp;utm_content=checklist-black-friday-2022&amp;utm_campaign=materiais-gratuitos&#8221;][vc_empty_space][vc_single_image image=&#8221;6671&#8243; alignment=&#8221;center&#8221; onclick=&#8221;custom_link&#8221; img_link_target=&#8221;_blank&#8221; link=&#8221;https:\/\/conteudo.nacao.digital\/guia-definitivo-de-inbound-commerce\/\/?utm_source=blog&amp;utm_medium=banner&amp;utm_content=guia-inbound-commerce&amp;utm_campaign=materiais-gratuitos&#8221;][vc_empty_space][vc_single_image image=&#8221;6535&#8243; alignment=&#8221;center&#8221; onclick=&#8221;custom_link&#8221; img_link_target=&#8221;_blank&#8221; link=&#8221;https:\/\/conteudo.nacao.digital\/live-commerce\/?utm_source=blog&amp;utm_medium=banner&amp;utm_content=materiais-gratuitos&amp;utm_campaign=guia-live-commerce&#8221;][vc_empty_space][vc_single_image image=&#8221;6491&#8243; alignment=&#8221;center&#8221; onclick=&#8221;custom_link&#8221; img_link_target=&#8221;_blank&#8221; link=&#8221;https:\/\/conteudo.nacao.digital\/migracao-ecommerce\/?utm_source=blog&amp;utm_medium=banner&amp;utm_content=migracao-plataforma&amp;utm_campaign=materiais-gratuitos&#8221;][vc_empty_space][vc_single_image image=&#8221;6493&#8243; alignment=&#8221;center&#8221; onclick=&#8221;custom_link&#8221; img_link_target=&#8221;_blank&#8221; link=&#8221;http:\/\/conteudo.nacao.digital\/growth-hacking-e-commerce\/?utm_source=blog&amp;utm_medium=banner&amp;utm_content=growth-hacking&amp;utm_campaign=materiais-gratuitos&#8221;][vc_empty_space][\/vc_column][vc_column width=&#8221;1\/2&#8243;][vc_single_image image=&#8221;5462&#8243; alignment=&#8221;center&#8221; onclick=&#8221;custom_link&#8221; img_link_target=&#8221;_blank&#8221; link=&#8221;https:\/\/conteudo.nacao.digital\/ebook-99-ferramentas\/?utm_source=blog&amp;utm_medium=banner&amp;utm_content=99-ferramentas&amp;utm_campaign=materiais-gratuitos&#8221;][vc_empty_space][vc_single_image image=&#8221;6854&#8243; alignment=&#8221;center&#8221; onclick=&#8221;custom_link&#8221; img_link_target=&#8221;_blank&#8221; link=&#8221;https:\/\/conteudo.nacao.digital\/performance-content\/?utm_source=blog&amp;utm_medium=banner&amp;utm_content=performance-content&amp;utm_campaign=materiais-gratuitos&#8221;][vc_empty_space][vc_single_image image=&#8221;5887&#8243; alignment=&#8221;center&#8221; onclick=&#8221;custom_link&#8221; img_link_target=&#8221;_blank&#8221; link=&#8221;https:\/\/conteudo.nacao.digital\/guia-de-contratacao-para-ecommerce?utm_source=blog&amp;utm_medium=banner&amp;utm_content=guia-de-contratacao&amp;utm_campaign=materiais-gratuitos&#8221;][vc_empty_space][vc_single_image image=&#8221;5839&#8243; alignment=&#8221;center&#8221; onclick=&#8221;custom_link&#8221; img_link_target=&#8221;_blank&#8221; link=&#8221;https:\/\/conteudo.nacao.digital\/google-shopping?utm_source=blog&amp;utm_medium=banner&amp;utm_content=imagens-google-shopping&amp;utm_campaign=materiais-gratuitos&#8221;][vc_empty_space][vc_single_image image=&#8221;5463&#8243; alignment=&#8221;center&#8221; onclick=&#8221;custom_link&#8221; img_link_target=&#8221;_blank&#8221; link=&#8221;https:\/\/conteudo.nacao.digital\/modelos-de-negocio-para-ecommerce\/?utm_source=blog&amp;utm_medium=banner&amp;utm_content=modelos-negocio&amp;utm_campaign=materiais-gratuitos&#8221;][vc_empty_space][vc_single_image image=&#8221;5861&#8243; alignment=&#8221;center&#8221; onclick=&#8221;custom_link&#8221; img_link_target=&#8221;_blank&#8221; link=&#8221;https:\/\/conteudo.nacao.digital\/impacto-das-imagens?utm_source=blog&amp;utm_medium=banner&amp;utm_content=materiais-gratuitos&amp;utm_campaign=impacto-imagens&#8221;][vc_empty_space][vc_single_image image=&#8221;6083&#8243; alignment=&#8221;center&#8221; onclick=&#8221;custom_link&#8221; img_link_target=&#8221;_blank&#8221; link=&#8221;https:\/\/conteudo.nacao.digital\/data-driven-customer-relationship?utm_source=blog&amp;utm_medium=banner&amp;utm_content=data-driven&amp;utm_campaign=materiais-gratuitos&#8221;][vc_empty_space][\/vc_column][vc_column][\/vc_column][vc_column][\/vc_column][\/vc_row][vc_row][vc_column][\/vc_column][\/vc_row]\n<\/div>","protected":false},"excerpt":{"rendered":"<p>Este conte\u00fado foi atualizado em: 27\/12\/2023 [vc_row css=&#8221;.vc_custom_1582999349703{margin-top: 40px !important;}&#8221;][vc_column][vc_empty_space height=&#8221;20px&#8221;][vc_column_text responsive_text=&#8221;true&#8221; text_align=&#8221;center&#8221; font_family=&#8221;Lato&#8221; font_size=&#8221;20&#8243;] Acesse nossos materiais para download gratuito: guias, e-books, planilhas, calend\u00e1rios, checklists e muitas outras ferramentas para impulsionar o seu e-commerce. \ud83d\ude80 [\/vc_column_text][\/vc_column][\/vc_row][vc_row][vc_column width=&#8221;1\/2&#8243;][vc_single_image image=&#8221;8236&#8243; onclick=&#8221;custom_link&#8221; img_link_target=&#8221;_blank&#8221; link=&#8221;https:\/\/conteudo.nacao.digital\/calendario-de-e-commerce-2024\/?utm_source=blog&amp;utm_medium=banner&amp;utm_content=calendario-e-commerce-2024&amp;utm_campaign=materiais-gratuitos&#8221;][vc_empty_space][vc_single_image image=&#8221;7906&#8243; onclick=&#8221;custom_link&#8221; img_link_target=&#8221;_blank&#8221; link=&#8221;https:\/\/conteudo.nacao.digital\/captacao-odv-crm-para-e-commerce-2023\/?utm_source=blog&amp;utm_medium=banner&amp;utm_content=cta-25-fluxos-de-automacao-para-ecommerce&amp;utm_campaign=materiais-gratuitos&#8221;][vc_empty_space][vc_single_image image=&#8221;7502&#8243; onclick=&#8221;custom_link&#8221; img_link_target=&#8221;_blank&#8221; link=&#8221;https:\/\/conteudo.nacao.digital\/checklist-para-black-friday-2020\/?utm_source=blog&amp;utm_medium=banner&amp;utm_content=checklist-black-friday-2022&amp;utm_campaign=materiais-gratuitos&#8221;][vc_empty_space][vc_single_image image=&#8221;6671&#8243; alignment=&#8221;center&#8221; onclick=&#8221;custom_link&#8221; img_link_target=&#8221;_blank&#8221; link=&#8221;https:\/\/conteudo.nacao.digital\/guia-definitivo-de-inbound-commerce\/\/?utm_source=blog&amp;utm_medium=banner&amp;utm_content=guia-inbound-commerce&amp;utm_campaign=materiais-gratuitos&#8221;][vc_empty_space][vc_single_image&hellip;<\/p>\n","protected":false},"author":7,"featured_media":0,"parent":0,"menu_order":0,"comment_status":"closed","ping_status":"closed","template":"","meta":{"footnotes":""},"yoast_head":"<!-- This site is optimized with the Yoast SEO plugin v22.0 - https:\/\/yoast.com\/wordpress\/plugins\/seo\/ -->\n<title>Materiais Gratuitos sobre E-commerce e Marketing<\/title>\n<meta name=\"description\" content=\"Acesse os materiais gratuitos da Na\u00e7\u00e3o Digital! Impulsione o seu E-commerce e entenda melhor como aplicar as t\u00e9cnicas de Marketing Digital.\" \/>\n<meta name=\"robots\" content=\"index, follow, max-snippet:-1, max-image-preview:large, max-video-preview:-1\" \/>\n<link rel=\"canonical\" href=\"https:\/\/nacao.digital\/blog\/materiais-gratuitos\/\" \/>\n<meta property=\"og:locale\" content=\"pt_BR\" \/>\n<meta property=\"og:type\" content=\"article\" \/>\n<meta property=\"og:title\" content=\"Materiais Gratuitos sobre E-commerce e Marketing\" \/>\n<meta property=\"og:description\" content=\"Acesse os materiais gratuitos da Na\u00e7\u00e3o Digital! Impulsione o seu E-commerce e entenda melhor como aplicar as t\u00e9cnicas de Marketing Digital.\" \/>\n<meta property=\"og:url\" content=\"https:\/\/nacao.digital\/blog\/materiais-gratuitos\/\" \/>\n<meta property=\"og:site_name\" content=\"Blog da Na\u00e7\u00e3o Digital\" \/>\n<meta property=\"article:publisher\" content=\"https:\/\/www.facebook.com\/inbound.commerce\" \/>\n<meta property=\"article:modified_time\" content=\"2023-12-27T13:21:03+00:00\" \/>\n<meta name=\"twitter:card\" content=\"summary_large_image\" \/>\n<meta name=\"twitter:label1\" content=\"Est. tempo de leitura\" \/>\n\t<meta name=\"twitter:data1\" content=\"4 minutos\" \/>\n<script type=\"application\/ld+json\" class=\"yoast-schema-graph\">{\"@context\":\"https:\/\/schema.org\",\"@graph\":[{\"@type\":\"WebPage\",\"@id\":\"https:\/\/nacao.digital\/blog\/materiais-gratuitos\/\",\"url\":\"https:\/\/nacao.digital\/blog\/materiais-gratuitos\/\",\"name\":\"Materiais Gratuitos sobre E-commerce e Marketing\",\"isPartOf\":{\"@id\":\"https:\/\/nacao.digital\/blog\/#website\"},\"datePublished\":\"2020-02-29T17:53:10+00:00\",\"dateModified\":\"2023-12-27T13:21:03+00:00\",\"description\":\"Acesse os materiais gratuitos da Na\u00e7\u00e3o Digital! Impulsione o seu E-commerce e entenda melhor como aplicar as t\u00e9cnicas de Marketing Digital.\",\"breadcrumb\":{\"@id\":\"https:\/\/nacao.digital\/blog\/materiais-gratuitos\/#breadcrumb\"},\"inLanguage\":\"pt-BR\",\"potentialAction\":[{\"@type\":\"ReadAction\",\"target\":[\"https:\/\/nacao.digital\/blog\/materiais-gratuitos\/\"]}]},{\"@type\":\"BreadcrumbList\",\"@id\":\"https:\/\/nacao.digital\/blog\/materiais-gratuitos\/#breadcrumb\",\"itemListElement\":[{\"@type\":\"ListItem\",\"position\":1,\"name\":\"In\u00edcio\",\"item\":\"https:\/\/nacao.digital\/blog\/\"},{\"@type\":\"ListItem\",\"position\":2,\"name\":\"Materiais gratuitos\"}]},{\"@type\":\"WebSite\",\"@id\":\"https:\/\/nacao.digital\/blog\/#website\",\"url\":\"https:\/\/nacao.digital\/blog\/\",\"name\":\"Blog da Na\u00e7\u00e3o Digital\",\"description\":\"Aprenda as melhores estrat\u00e9gias para atrair p\u00fablico mais segmentado, converter mais e vender muito. Tudo isso usando a metodologia de Inbound Marketing para E-commerce.\",\"publisher\":{\"@id\":\"https:\/\/nacao.digital\/blog\/#organization\"},\"potentialAction\":[{\"@type\":\"SearchAction\",\"target\":{\"@type\":\"EntryPoint\",\"urlTemplate\":\"https:\/\/nacao.digital\/blog\/?s={search_term_string}\"},\"query-input\":\"required name=search_term_string\"}],\"inLanguage\":\"pt-BR\"},{\"@type\":\"Organization\",\"@id\":\"https:\/\/nacao.digital\/blog\/#organization\",\"name\":\"Na\u00e7\u00e3o Digital\",\"url\":\"https:\/\/nacao.digital\/blog\/\",\"logo\":{\"@type\":\"ImageObject\",\"inLanguage\":\"pt-BR\",\"@id\":\"https:\/\/nacao.digital\/blog\/#\/schema\/logo\/image\/\",\"url\":\"https:\/\/nacao.digital\/blog\/wp-content\/uploads\/2018\/05\/nacao-digital.jpg\",\"contentUrl\":\"https:\/\/nacao.digital\/blog\/wp-content\/uploads\/2018\/05\/nacao-digital.jpg\",\"width\":590,\"height\":389,\"caption\":\"Na\u00e7\u00e3o Digital\"},\"image\":{\"@id\":\"https:\/\/nacao.digital\/blog\/#\/schema\/logo\/image\/\"},\"sameAs\":[\"https:\/\/www.facebook.com\/inbound.commerce\",\"https:\/\/www.instagram.com\/nacaodigital\/\",\"https:\/\/pt.linkedin.com\/company\/na\u00e7\u00e3o-digital\"]}]}<\/script>\n<!-- \/ Yoast SEO plugin. -->","yoast_head_json":{"title":"Materiais Gratuitos sobre E-commerce e Marketing","description":"Acesse os materiais gratuitos da Na\u00e7\u00e3o Digital! Impulsione o seu E-commerce e entenda melhor como aplicar as t\u00e9cnicas de Marketing Digital.","robots":{"index":"index","follow":"follow","max-snippet":"max-snippet:-1","max-image-preview":"max-image-preview:large","max-video-preview":"max-video-preview:-1"},"canonical":"https:\/\/nacao.digital\/blog\/materiais-gratuitos\/","og_locale":"pt_BR","og_type":"article","og_title":"Materiais Gratuitos sobre E-commerce e Marketing","og_description":"Acesse os materiais gratuitos da Na\u00e7\u00e3o Digital! Impulsione o seu E-commerce e entenda melhor como aplicar as t\u00e9cnicas de Marketing Digital.","og_url":"https:\/\/nacao.digital\/blog\/materiais-gratuitos\/","og_site_name":"Blog da Na\u00e7\u00e3o Digital","article_publisher":"https:\/\/www.facebook.com\/inbound.commerce","article_modified_time":"2023-12-27T13:21:03+00:00","twitter_card":"summary_large_image","twitter_misc":{"Est. tempo de leitura":"4 minutos"},"schema":{"@context":"https:\/\/schema.org","@graph":[{"@type":"WebPage","@id":"https:\/\/nacao.digital\/blog\/materiais-gratuitos\/","url":"https:\/\/nacao.digital\/blog\/materiais-gratuitos\/","name":"Materiais Gratuitos sobre E-commerce e Marketing","isPartOf":{"@id":"https:\/\/nacao.digital\/blog\/#website"},"datePublished":"2020-02-29T17:53:10+00:00","dateModified":"2023-12-27T13:21:03+00:00","description":"Acesse os materiais gratuitos da Na\u00e7\u00e3o Digital! Impulsione o seu E-commerce e entenda melhor como aplicar as t\u00e9cnicas de Marketing Digital.","breadcrumb":{"@id":"https:\/\/nacao.digital\/blog\/materiais-gratuitos\/#breadcrumb"},"inLanguage":"pt-BR","potentialAction":[{"@type":"ReadAction","target":["https:\/\/nacao.digital\/blog\/materiais-gratuitos\/"]}]},{"@type":"BreadcrumbList","@id":"https:\/\/nacao.digital\/blog\/materiais-gratuitos\/#breadcrumb","itemListElement":[{"@type":"ListItem","position":1,"name":"In\u00edcio","item":"https:\/\/nacao.digital\/blog\/"},{"@type":"ListItem","position":2,"name":"Materiais gratuitos"}]},{"@type":"WebSite","@id":"https:\/\/nacao.digital\/blog\/#website","url":"https:\/\/nacao.digital\/blog\/","name":"Blog da Na\u00e7\u00e3o Digital","description":"Aprenda as melhores estrat\u00e9gias para atrair p\u00fablico mais segmentado, converter mais e vender muito. Tudo isso usando a metodologia de Inbound Marketing para E-commerce.","publisher":{"@id":"https:\/\/nacao.digital\/blog\/#organization"},"potentialAction":[{"@type":"SearchAction","target":{"@type":"EntryPoint","urlTemplate":"https:\/\/nacao.digital\/blog\/?s={search_term_string}"},"query-input":"required name=search_term_string"}],"inLanguage":"pt-BR"},{"@type":"Organization","@id":"https:\/\/nacao.digital\/blog\/#organization","name":"Na\u00e7\u00e3o Digital","url":"https:\/\/nacao.digital\/blog\/","logo":{"@type":"ImageObject","inLanguage":"pt-BR","@id":"https:\/\/nacao.digital\/blog\/#\/schema\/logo\/image\/","url":"https:\/\/nacao.digital\/blog\/wp-content\/uploads\/2018\/05\/nacao-digital.jpg","contentUrl":"https:\/\/nacao.digital\/blog\/wp-content\/uploads\/2018\/05\/nacao-digital.jpg","width":590,"height":389,"caption":"Na\u00e7\u00e3o Digital"},"image":{"@id":"https:\/\/nacao.digital\/blog\/#\/schema\/logo\/image\/"},"sameAs":["https:\/\/www.facebook.com\/inbound.commerce","https:\/\/www.instagram.com\/nacaodigital\/","https:\/\/pt.linkedin.com\/company\/na\u00e7\u00e3o-digital"]}]}},"_links":{"self":[{"href":"https:\/\/nacao.digital\/blog\/wp-json\/wp\/v2\/pages\/5308"}],"collection":[{"href":"https:\/\/nacao.digital\/blog\/wp-json\/wp\/v2\/pages"}],"about":[{"href":"https:\/\/nacao.digital\/blog\/wp-json\/wp\/v2\/types\/page"}],"author":[{"embeddable":true,"href":"https:\/\/nacao.digital\/blog\/wp-json\/wp\/v2\/users\/7"}],"replies":[{"embeddable":true,"href":"https:\/\/nacao.digital\/blog\/wp-json\/wp\/v2\/comments?post=5308"}],"version-history":[{"count":10,"href":"https:\/\/nacao.digital\/blog\/wp-json\/wp\/v2\/pages\/5308\/revisions"}],"predecessor-version":[{"id":8239,"href":"https:\/\/nacao.digital\/blog\/wp-json\/wp\/v2\/pages\/5308\/revisions\/8239"}],"wp:attachment":[{"href":"https:\/\/nacao.digital\/blog\/wp-json\/wp\/v2\/media?parent=5308"}],"curies":[{"name":"wp","href":"https:\/\/api.w.org\/{rel}","templated":true}]}}